{"id":9399,"date":"2017-10-24T11:57:10","date_gmt":"2017-10-24T16:57:10","guid":{"rendered":"http:\/\/www.utzac.edu.mx\/?page_id=9399"},"modified":"2019-12-11T14:03:23","modified_gmt":"2019-12-11T20:03:23","slug":"pfce-2016","status":"publish","type":"page","link":"https:\/\/www.utzac.edu.mx\/?page_id=9399","title":{"rendered":"PFCE"},"content":{"rendered":"<div class=\"vc_row wpb_row vc_row-fluid\"  >\n\t<div class=\"vc_col-sm-12 wpb_column vc_column_container \">\n\t\t<div class=\"wpb_wrapper\">\n\t\t\t\n\t<div class=\"wpb_text_column wpb_content_element \">\n\t\t<div class=\"wpb_wrapper\">\n\t\t\t<p><a href=\"https:\/\/www.utzac.edu.mx\/wp-content\/uploads\/2019\/08\/logo-contralor\u00eda-social.jpg\"><img decoding=\"async\" loading=\"lazy\" class=\"aligncenter  wp-image-10897\" src=\"https:\/\/www.utzac.edu.mx\/wp-content\/uploads\/2019\/08\/logo-contralor\u00eda-social-300x75.jpg\" alt=\"\" width=\"500\" height=\"125\" srcset=\"https:\/\/www.utzac.edu.mx\/wp-content\/uploads\/2019\/08\/logo-contralor\u00eda-social-300x75.jpg 300w, https:\/\/www.utzac.edu.mx\/wp-content\/uploads\/2019\/08\/logo-contralor\u00eda-social-750x189.jpg 750w, https:\/\/www.utzac.edu.mx\/wp-content\/uploads\/2019\/08\/logo-contralor\u00eda-social-700x175.jpg 700w, https:\/\/www.utzac.edu.mx\/wp-content\/uploads\/2019\/08\/logo-contralor\u00eda-social-600x150.jpg 600w, https:\/\/www.utzac.edu.mx\/wp-content\/uploads\/2019\/08\/logo-contralor\u00eda-social.jpg 756w\" sizes=\"(max-width: 500px) 100vw, 500px\" \/><\/a><\/p>\n<div>\n<h2 style=\"text-align: center;\"><strong>CONTRALOR\u00cdA SOCIAL DE LA INSTANCIA<\/strong><\/h2>\n<h2 style=\"text-align: center;\"><strong>EJECUTORA, 2019<\/strong><\/h2>\n<h2 style=\"text-align: center;\"><strong>PROGRAMA DE FORTALECIMIENTO DE LA CALIDAD EDUCATIVA<\/strong><\/h2>\n<h2 style=\"text-align: center;\"><strong>(PFCE) 2018<\/strong><\/h2>\n<p style=\"text-align: justify;\"><span style=\"font-size: 20px;\">Conforme a lo dispuesto por la Ley General de Desarrollo Social, la Contralor\u00eda Social constituye una pr\u00e1ctica de transparencia, de rendici\u00f3n de cuentas y se convierte en un mecanismo para los beneficiarios, para que de manera organizada verifiquen el cumplimiento de las metas y la correcta aplicaci\u00f3n de los recursos p\u00fablicos asignados a diferentes Programas Federales.<\/span><\/p>\n<p>Enlace de la contralor\u00eda Social PFCE<\/p>\n<p>Dr. Tirzo Noel Pacheco Delgado<\/p>\n<p>Director de PE en Desarrollo de Negocios<\/p>\n<p>Director de PE en Administraci\u00f3n<\/p>\n<p>Tel. (492)9276180 al 84 ext. 110<\/p>\n<p>&nbsp;<\/p>\n<p>\u00abEste programa es p\u00fablico ajeno a cualquier partido pol\u00edtico. Queda prohibido el uso para fines distintos a los establecidos en el programa. Quien haga uso indebido de los recursos de este programa deber\u00e1 ser denunciado y sancionado con la ley aplicable y ante la autoridad competente\u00bb.<\/p>\n\n\t\t<\/div> \n\t<\/div> <div class=\"vc_toggle vc_toggle_arrow vc_toggle_color_black  vc_toggle_size_md\">\n\t<div class=\"vc_toggle_title\"><h4>2016<\/h4><i class=\"vc_toggle_icon\"><\/i><\/div>\n\t<div class=\"vc_toggle_content\"><p>\u2192Comprobaciones Financieras<\/p>\n<ul>\n<li><a href=\"https:\/\/www.utzac.edu.mx\/wp-content\/uploads\/2017\/prodep\/PFCE 2016-2017\/DOCUMENTACIoN PFCE 2016\/COMPROBACIONES FINANCIERAS PFCE 2016\/1er TRIMESTRE PFCE.PDF\" target=\"_blank\" rel=\"noopener\">1er Trimestre PFCE<\/a><\/li>\n<li><a href=\"https:\/\/www.utzac.edu.mx\/wp-content\/uploads\/2017\/prodep\/PFCE 2016-2017\/DOCUMENTACIoN PFCE 2016\/COMPROBACIONES FINANCIERAS PFCE 2016\/2do TRIMESTRE PFCE 1 2016-2017 (PARTE 1).PDF\" target=\"_blank\" rel=\"noopener\">2do Trimestre PFCE 1 2016-2017 (Parte 1)<\/a><\/li>\n<li><a href=\"https:\/\/www.utzac.edu.mx\/wp-content\/uploads\/2017\/prodep\/PFCE 2016-2017\/DOCUMENTACIoN PFCE 2016\/COMPROBACIONES FINANCIERAS PFCE 2016\/2do TRIMESTRE PFCE 2 2016-2017 (PARTE 2).PDF\" target=\"_blank\" rel=\"noopener\">2do TRIMESTRE PFCE 1 2016-2017 (Parte 2)<\/a><\/li>\n<li><a href=\"https:\/\/www.utzac.edu.mx\/wp-content\/uploads\/2017\/prodep\/PFCE 2016-2017\/DOCUMENTACIoN PFCE 2016\/COMPROBACIONES FINANCIERAS PFCE 2016\/COMPROBACIoN PFCE.pdf\" target=\"_blank\" rel=\"noopener\">Comprobaci\u00f3n PFCE 50%<\/a><\/li>\n<\/ul>\n<p>\u2192Reportes Avances Acad\u00e9micos<\/p>\n<ul>\n<li><a href=\"https:\/\/www.utzac.edu.mx\/wp-content\/uploads\/2017\/prodep\/PFCE 2016-2017\/DOCUMENTACIoN PFCE 2016\/REPORTES AVANCES ACADeMICOS PFCE 2016\/PRIMER REPORTE AVANCE ACADeMICO PFCE 2016 UTZAC.pdf\" target=\"_blank\" rel=\"noopener\">Primer Reporte Avance Acad\u00e9mico PFCE 2016 UTZAC<\/a><\/li>\n<li><a href=\"https:\/\/www.utzac.edu.mx\/wp-content\/uploads\/2017\/prodep\/PFCE 2016-2017\/DOCUMENTACIoN PFCE 2016\/REPORTES AVANCES ACADeMICOS PFCE 2016\/SEGUNDO REPORTE AVANCE ACADeMICO  PFCE 2016 UTZAC.pdf\" target=\"_blank\" rel=\"noopener\">Segundo Reporte Avance Acad\u00e9mico PFCE 2016 UTZAC<\/a><\/li>\n<li><a href=\"https:\/\/www.utzac.edu.mx\/wp-content\/uploads\/2017\/prodep\/PFCE 2016-2017\/DOCUMENTACIoN PFCE 2016\/REPORTES AVANCES ACADeMICOS PFCE 2016\/TERCER REPORTE AVANCE ACADeMICO PFCE 2016 UTZAC.pdf\" target=\"_blank\" rel=\"noopener\">Tercer Reporte Avance Acad\u00e9mico PFCE 2016 UTZAC<\/a><\/li>\n<\/ul>\n<\/div>\n<\/div>\n<\/div><div class=\"vc_toggle vc_toggle_arrow vc_toggle_color_black  vc_toggle_size_md\">\n\t<div class=\"vc_toggle_title\"><h4>2018<\/h4><i class=\"vc_toggle_icon\"><\/i><\/div>\n\t<div class=\"vc_toggle_content\"><p>\u2192 Documentos<\/p>\n<ul>\n<li><a href=\"https:\/\/www.utzac.edu.mx\/wp-content\/uploads\/2018\/10\/1-ESQUEMA-DE-CS-2018.pdf\" target=\"_blank\" rel=\"noopener\">Esquema de CS<\/a><\/li>\n<li><a href=\"https:\/\/www.utzac.edu.mx\/wp-content\/uploads\/2018\/10\/2-GUIA_OPERATIVA-CS-23-FEB-2018.pdf\" target=\"_blank\" rel=\"noopener\">Gu\u00eda Operativa CS 23 de febrero 2018<\/a><\/li>\n<li><a href=\"https:\/\/www.utzac.edu.mx\/wp-content\/uploads\/2018\/10\/3-PATCS-2018.pdf\" target=\"_blank\" rel=\"noopener\">PATCS 2018<\/a><\/li>\n<li><a href=\"https:\/\/www.utzac.edu.mx\/wp-content\/uploads\/2018\/10\/4-PETCS-UTZAC.pdf\" target=\"_blank\" rel=\"noopener\">PETCS-UTZAC<\/a><\/li>\n<li><a href=\"https:\/\/www.utzac.edu.mx\/wp-content\/uploads\/2018\/10\/5-SINTESIS-DE-LAS-RO-PFCE-2018.pdf\" target=\"_blank\" rel=\"noopener\">S\u00edntesis de la RO PFCE 2018<\/a><\/li>\n<\/ul>\n<p>\u2192 Formatos<\/p>\n<ul>\n<li><a href=\"https:\/\/www.utzac.edu.mx\/wp-content\/uploads\/2018\/10\/6-Anexo-3-Min-Reun.docx\" target=\"_blank\" rel=\"noopener\">Anexo 3 Minuta Reuni\u00f3n<\/a><\/li>\n<li><a href=\"https:\/\/www.utzac.edu.mx\/wp-content\/uploads\/2018\/10\/7-Anexo-4-Acta-Reg-CCS.docx\" target=\"_blank\" rel=\"noopener\">Anexo 4 Acta de Registro CCS<\/a><\/li>\n<li><a href=\"https:\/\/www.utzac.edu.mx\/wp-content\/uploads\/2018\/10\/8-Anexo-5-Acta-Sust-de-Integr.docx\" target=\"_blank\" rel=\"noopener\">Anexo 5 Acta de Sustituci\u00f3n de Integrantes<\/a><\/li>\n<li><a href=\"https:\/\/www.utzac.edu.mx\/wp-content\/uploads\/2018\/10\/9-Anexo-6-Solic-de-Inf.docx\" target=\"_blank\" rel=\"noopener\">Anexo 6 Solicitud de Informaci\u00f3n<\/a><\/li>\n<li><a href=\"https:\/\/www.utzac.edu.mx\/wp-content\/uploads\/2018\/10\/10-Anexo-7-Informe-del-CCS.xlsx\" target=\"_blank\" rel=\"noopener\">Anexo 7 Informe del CCS<\/a><\/li>\n<li><a href=\"https:\/\/www.utzac.edu.mx\/wp-content\/uploads\/2018\/10\/11-Anexo-8-Quejas-y-Denuncias.xlsx\" target=\"_blank\" rel=\"noopener\">Anexo 8 Quejas y Denuncias<\/a><\/li>\n<\/ul>\n<p>\u2192 Manuales<\/p>\n<ul>\n<li><a href=\"https:\/\/www.utzac.edu.mx\/wp-content\/uploads\/2018\/10\/13%20Manual%20SICS%20Instancia%20Ejecutora.pdf\" target=\"_blank\" rel=\"noopener\">Manual SICS Instancia Ejecutora<\/a><\/li>\n<\/ul>\n<p>\u2192 Marco Normativo<\/p>\n<ul>\n<li><a href=\"https:\/\/www.utzac.edu.mx\/wp-content\/uploads\/2018\/10\/14-LEYGRALDESO.pdf\" target=\"_blank\" rel=\"noopener\">Ley general de Desarrollo Social<\/a><\/li>\n<li><a href=\"https:\/\/www.utzac.edu.mx\/wp-content\/uploads\/2018\/10\/15-ReglamentoLeyGDS.pdf\" target=\"_blank\" rel=\"noopener\">Reglamento LeyGDS<\/a><\/li>\n<li><a href=\"https:\/\/www.utzac.edu.mx\/wp-content\/uploads\/2018\/10\/16-Lineamientos-Contralor\u00eda-Social.pdf\" target=\"_blank\" rel=\"noopener\">Lineamientos Contralor\u00eda Social<\/a><\/li>\n<li><a href=\"https:\/\/www.utzac.edu.mx\/wp-content\/uploads\/2018\/10\/17-ROP-PFCE-2017.pdf\" target=\"_blank\" rel=\"noopener\">ROP PFCE 2017<\/a><\/li>\n<\/ul>\n<p>\u2192 Difusi\u00f3n<\/p>\n<ul>\n<li><a href=\"https:\/\/www.utzac.edu.mx\/wp-content\/uploads\/2019\/01\/mcap2-utzac.pptx\" target=\"_blank\" rel=\"noopener\">Material de capacitaci\u00f3n Comit\u00e9 de Contralor\u00eda <\/a><a href=\"https:\/\/www.utzac.edu.mx\/wp-content\/uploads\/2019\/01\/MDIFUSION2-UTZAC.pdf\" target=\"_blank\" rel=\"noopener\">Social<\/a><\/li>\n<li><a href=\"https:\/\/www.utzac.edu.mx\/wp-content\/uploads\/2019\/01\/MDIFUSION2-UTZAC.pdf\" target=\"_blank\" rel=\"noopener\">Difusi\u00f3n de Contralor\u00eda Social PFCE 2017 (beneficiarios cuentas electr\u00f3nicas)<\/a><\/li>\n<li><a href=\"https:\/\/www.utzac.edu.mx\/wp-content\/uploads\/2019\/01\/MDIFUSION2-UTZAC.pdf\" target=\"_blank\" rel=\"noopener\">Tr\u00edptico de difusi\u00f3n Contralor\u00eda Social (IE)<\/a><\/li>\n<li><a href=\"https:\/\/www.utzac.edu.mx\/wp-content\/uploads\/2019\/01\/MDIFUSION3-UTZAC.pdf\" target=\"_blank\" rel=\"noopener\">Cartel de difusi\u00f3n de CS (IE)<\/a><\/li>\n<li><a href=\"https:\/\/www.utzac.edu.mx\/wp-content\/uploads\/2019\/01\/MDIFUSION4-UTZAC.pdf\" target=\"_blank\" rel=\"noopener\">Usuarios UTZAC con cuenta de e-mail institucional<\/a><\/li>\n<li><a href=\"https:\/\/www.utzac.edu.mx\/wp-content\/uploads\/2019\/01\/MDIFUSION5.mp4\" target=\"_blank\" rel=\"noopener\">Video de difusi\u00f3n de CS (IE)<\/a><\/li>\n<li><a href=\"https:\/\/www.utzac.edu.mx\/wp-content\/uploads\/2018\/10\/18-Acts-de-Dif-y-Acts-de-Res-de-la-CS.pdf\" target=\"_blank\" rel=\"noopener\">Actas de Difusi\u00f3n y Actas de Responsables de la CS<\/a><\/li>\n<\/ul>\n<p>\u2192 Quejas y Denuncias<\/p>\n<ul>\n<li><a href=\"https:\/\/www.utzac.edu.mx\/wp-content\/uploads\/2018\/10\/20-Atencion-CD-SFP.docx\" target=\"_blank\" rel=\"noopener\">Atenci\u00f3n CD-SFP<\/a><\/li>\n<li><a href=\"https:\/\/www.utzac.edu.mx\/wp-content\/uploads\/2018\/10\/21-AtencionCGUTyP.docx\" target=\"_blank\" rel=\"noopener\">Atenci\u00f3n CGUTyP<\/a><\/li>\n<\/ul>\n<p>\u2192 Informes<\/p>\n<ul>\n<li><a href=\"https:\/\/www.utzac.edu.mx\/wp-content\/uploads\/2019\/01\/A3-1-UTZAC.pdf\" target=\"_blank\" rel=\"noopener\">Elecci\u00f3n del comit\u00e9 de Contralor\u00eda Social PFCE 2017<\/a><\/li>\n<li><a href=\"https:\/\/www.utzac.edu.mx\/wp-content\/uploads\/2019\/01\/A3-2-UTZAC.pdf\" target=\"_blank\" rel=\"noopener\">Capacitaci\u00f3n del comit\u00e9 de Contralor\u00eda Social<\/a><\/li>\n<li><a href=\"https:\/\/www.utzac.edu.mx\/wp-content\/uploads\/2019\/01\/A3-3-UTZAC.pdf\" target=\"_blank\" rel=\"noopener\">Definici\u00f3n, Programaci\u00f3n de la difusi\u00f3n de Material de CCS PFCE 2017<\/a><\/li>\n<li><a href=\"https:\/\/www.utzac.edu.mx\/wp-content\/uploads\/2019\/01\/A3-4-UTZAC.pdf\" target=\"_blank\" rel=\"noopener\">Elaboraci\u00f3n de Material de Difusi\u00f3n del comit\u00e9 de Contralor\u00eda Social PFCE 2017<\/a><\/li>\n<li><a href=\"https:\/\/www.utzac.edu.mx\/wp-content\/uploads\/2019\/01\/A3-5-UTZAC1.pdf\" target=\"_blank\" rel=\"noopener\">Revisi\u00f3n y ejecuci\u00f3n de Recursos de Conceptos de acuerdo a proyectos autorizados PFCE 2017<\/a><\/li>\n<li><a href=\"https:\/\/www.utzac.edu.mx\/wp-content\/uploads\/2019\/01\/A3-6-UTZAC.pdf\" target=\"_blank\" rel=\"noopener\">Segunda revisi\u00f3n de ejecuci\u00f3n de recursos de Conceptos de acuerdo a proyectos autorizados PFCE 2017<\/a><\/li>\n<li><a href=\"https:\/\/www.utzac.edu.mx\/wp-content\/uploads\/2019\/01\/A3-7-UTZAC.pdf\" target=\"_blank\" rel=\"noopener\">Revisi\u00f3n de conceptos pendientes de ejercer de acuerdo al anexo de ejecuci\u00f3n PFCE 2017<\/a><\/li>\n<li><a href=\"https:\/\/www.utzac.edu.mx\/wp-content\/uploads\/2019\/01\/Informe-contraloria-social-2018.pdf\" target=\"_blank\" rel=\"noopener\">Tercera Revisi\u00f3n de ejecuci\u00f3n de recursos de conceptos de acuerdo a proyectos autorizados PFCE 2017<\/a><\/li>\n<li><a href=\"https:\/\/www.utzac.edu.mx\/wp-content\/uploads\/2019\/01\/A3-9-UTZAC.pdf\" target=\"_blank\" rel=\"noopener\">Revisi\u00f3n final de proyectos PFCE 2017 y An\u00e1lisis Financiero<\/a><\/li>\n<li><a href=\"https:\/\/www.utzac.edu.mx\/wp-content\/uploads\/2019\/01\/Informe-contraloria-social-2018.pdf\">Informe del comit\u00e9 de Contralor\u00eda Social<\/a><\/li>\n<\/ul>\n<p>\u2192 Directorios<\/p>\n<ul>\n<li><a href=\"https:\/\/www.utzac.edu.mx\/wp-content\/uploads\/2018\/10\/23-Directorio-CGUTyP.docx\" target=\"_blank\" rel=\"noopener\">Directorio CGUTyP<\/a><\/li>\n<li><a href=\"https:\/\/www.utzac.edu.mx\/wp-content\/uploads\/2018\/10\/24-DIR-RESPONSABLES-DE-CS-2018.xlsx\" target=\"_blank\" rel=\"noopener\">Dir Responsables de CS 2018<\/a><\/li>\n<li><a href=\"https:\/\/www.utzac.edu.mx\/wp-content\/uploads\/2018\/10\/25-Directorio-de-Enlaces-de-CS-OEC-3-ABRIL-2018.xlsx\" target=\"_blank\" rel=\"noopener\">Directorio de Enlaces CS OEC 3 abril 2018<\/a><\/li>\n<\/ul>\n<\/div>\n<\/div><div class=\"vc_toggle vc_toggle_arrow vc_toggle_color_Default  vc_toggle_size_md\">\n\t<div class=\"vc_toggle_title\"><h4>2019<\/h4><i class=\"vc_toggle_icon\"><\/i><\/div>\n\t<div class=\"vc_toggle_content\"><p>\u2192 Documentos<\/p>\n<ol>\n<li><a href=\"https:\/\/www.utzac.edu.mx\/wp-content\/uploads\/2019\/09\/Esquema.pdf\" target=\"_blank\" rel=\"noopener\">Esquema de CS<\/a><\/li>\n<li><a href=\"https:\/\/www.utzac.edu.mx\/wp-content\/uploads\/2019\/09\/Guia-Operativa-CS-PFCE.pdf\" target=\"_blank\" rel=\"noopener\">Gu\u00eda Operativa CS 23 de febrero 2018<\/a><a href=\"https:\/\/www.utzac.edu.mx\/wp-content\/uploads\/2018\/10\/3-PATCS-2018.pdf\" target=\"_blank\" rel=\"noopener\">\u00a0<\/a><\/li>\n<li><a href=\"https:\/\/www.utzac.edu.mx\/wp-content\/uploads\/2019\/09\/PITCS-PFCE-UTZAC.pdf\" target=\"_blank\" rel=\"noopener\">Programa Institucional de Trabajo de Contralor\u00eda Social (PITCS) (Ser\u00e1 el PITCS validado por la Coordinaci\u00f3n General de Universidades Tecnol\u00f3gicas y Polit\u00e9cnicas (CGUTyP)<\/a><\/li>\n<li><a href=\"https:\/\/www.utzac.edu.mx\/wp-content\/uploads\/2019\/09\/SINTESIS-Reglas-de-Operacion-PFCE-JUN2019.pdf\" target=\"_blank\" rel=\"noopener\">S\u00edntesis de la Reglas de Operaci\u00f3n del PFCE<\/a><\/li>\n<li><a href=\"https:\/\/www.utzac.edu.mx\/wp-content\/uploads\/2019\/12\/PATCS-PFCE-JUN2019.pdf\" target=\"_blank\" rel=\"noopener\">PATCS 2019<\/a><\/li>\n<\/ol>\n<p>\u2192 Formatos<\/p>\n<ol>\n<li><a href=\"https:\/\/www.utzac.edu.mx\/wp-content\/uploads\/2019\/12\/Anexo-3-Min-Reun.pdf\" target=\"_blank\" rel=\"noopener\">Anexo 3 Minuta\u00a0de\u00a0Reuni\u00f3n<\/a><\/li>\n<li><a href=\"https:\/\/www.utzac.edu.mx\/wp-content\/uploads\/2019\/12\/Anexo-4-Acta-Reg-CCS.pdf\" target=\"_blank\" rel=\"noopener\">Anexo 4 Acta Registro CCS<\/a><\/li>\n<li><a href=\"https:\/\/www.utzac.edu.mx\/wp-content\/uploads\/2019\/12\/Anexo-5-Acta-Sust-de-Integr.pdf\" target=\"_blank\" rel=\"noopener\">Anexo 5 Acta de sustituci\u00f3n de Integrante<\/a><\/li>\n<li><a href=\"https:\/\/www.utzac.edu.mx\/wp-content\/uploads\/2019\/12\/Anexo-6-Solic-de-Inf.pdf\" target=\"_blank\" rel=\"noopener\">Anexo 6 Solicitud de Informaci\u00f3n<\/a><\/li>\n<li><a href=\"https:\/\/www.utzac.edu.mx\/wp-content\/uploads\/2019\/12\/Anexo-7-Informe-del-CCS.pdf\" target=\"_blank\" rel=\"noopener\">Anexo 7 Informe del CCS<\/a><\/li>\n<li><a href=\"https:\/\/www.utzac.edu.mx\/wp-content\/uploads\/2019\/12\/Anexo-8-Quejas-y-Denuncias.pdf\" target=\"_blank\" rel=\"noopener\">Anexo 8 Quejas y Denuncias<\/a><\/li>\n<\/ol>\n<p>\u2192 Manuales<\/p>\n<ol>\n<li><a href=\"https:\/\/www.utzac.edu.mx\/wp-content\/uploads\/2018\/10\/13%20Manual%20SICS%20Instancia%20Ejecutora.pdf\" target=\"_blank\" rel=\"noopener\">Manual de Usuario del Sistema Inform\u00e1tico de Contralor\u00eda Social (SICS) para Instancias Ejecutoras<\/a><\/li>\n<\/ol>\n<p>\u2192 Marco Normativo<\/p>\n<ol>\n<li><a href=\"https:\/\/www.utzac.edu.mx\/wp-content\/uploads\/2019\/09\/ley-general-de-desarrollo-social.pdf\" target=\"_blank\" rel=\"noopener\">Ley general de Desarrollo Social<\/a><\/li>\n<li><a href=\"https:\/\/www.utzac.edu.mx\/wp-content\/uploads\/2019\/09\/reglamento-de-la-ley-general-de-desarrollo-social.pdf\" target=\"_blank\" rel=\"noopener\">Reglamento de la Ley General de Desarrollo Social<\/a><\/li>\n<li><a href=\"https:\/\/www.utzac.edu.mx\/wp-content\/uploads\/2019\/09\/Lineamientos-para-la-promocion-y-operacion-de-la-Contralor\u00eda-Social.pdf\" target=\"_blank\" rel=\"noopener\">Lineamientos Para la Promoci\u00f3n y Operaci\u00f3n de la Contralor\u00eda Social\u00a0en\u00a0los\u00a0Programas\u00a0Federales\u00a0de\u00a0Desarrollo\u00a0Social,\u00a028-Octubre-2016<\/a><\/li>\n<li><a href=\"https:\/\/www.utzac.edu.mx\/wp-content\/uploads\/2019\/09\/Reglas-de-operaci\u00f3n-del-PFCE-2018.pdf\" target=\"_blank\" rel=\"noopener\">Reglas de Operaci\u00f3n del\u00a0PFCE 2018,\u00a0diciembre\u00a0de\u00a02017<\/a><\/li>\n<\/ol>\n<p>\u2192 Difusi\u00f3n<\/p>\n<ol>\n<li><a href=\"https:\/\/www.utzac.edu.mx\/wp-content\/uploads\/2019\/12\/mdifusion-2-utzac.pdf\" target=\"_blank\" rel=\"noopener\">Tr\u00edptico Difusi\u00f3n UTZAC<\/a><\/li>\n<li><a href=\"https:\/\/www.utzac.edu.mx\/wp-content\/uploads\/2019\/12\/TRIPTICO-CS-2019-PPS-JUN2019.pdf\" target=\"_blank\" rel=\"noopener\">Tr\u00edptico Difusi\u00f3n Instancia Normativa<\/a><\/li>\n<li><a href=\"https:\/\/www.utzac.edu.mx\/wp-content\/uploads\/2019\/11\/mdifusion-1-utzac.pdf\" target=\"_blank\" rel=\"noopener\">Mdifusi\u00f3n-1-UTZAC<\/a><\/li>\n<li><a href=\"https:\/\/www.utzac.edu.mx\/wp-content\/uploads\/2019\/11\/mdifusion-2-utzac.pdf\" target=\"_blank\" rel=\"noopener\">Mdifusi\u00f3n-2-UTZAC<\/a><\/li>\n<li><a href=\"https:\/\/www.utzac.edu.mx\/wp-content\/uploads\/2019\/11\/mdifusion-3-utzac.pdf\" target=\"_blank\" rel=\"noopener\">Mdifusi\u00f3n-3-UTZAC<\/a><\/li>\n<li><a href=\"https:\/\/www.utzac.edu.mx\/wp-content\/uploads\/2019\/11\/mdifusion-4-utzac.pdf\" target=\"_blank\" rel=\"noopener\">Mdifusi\u00f3n-4-UTZAC<\/a><\/li>\n<\/ol>\n<p>\u2192 Quejas y Denuncias<\/p>\n<ol>\n<li><a href=\"https:\/\/www.utzac.edu.mx\/wp-content\/uploads\/2019\/09\/Atencion-CD-SFP-JUN2019.pdf\" target=\"_blank\" rel=\"noopener\">Atenci\u00f3n Ciudadana de la Secretaria de la Funci\u00f3n P\u00fablica (SFP)<\/a><\/li>\n<li><a href=\"https:\/\/www.utzac.edu.mx\/wp-content\/uploads\/2019\/09\/AtencionCGUTyP-PFCE-JUN2019.pdf\" target=\"_blank\" rel=\"noopener\">Atenci\u00f3n de la CGUTyP<\/a><\/li>\n<\/ol>\n<p>\u2192 Informes<\/p>\n<ol>\n<li><a href=\"https:\/\/www.utzac.edu.mx\/wp-content\/uploads\/2019\/12\/A3-1-UTZAC.pdf\" target=\"_blank\" rel=\"noopener\">Constituci\u00f3n de Comit\u00e9 de CS<\/a><\/li>\n<li><a href=\"https:\/\/www.utzac.edu.mx\/wp-content\/uploads\/2019\/12\/A3-2-UTZAC.pdf\" target=\"_blank\" rel=\"noopener\">Capacitaci\u00f3n de Contralor\u00eda Social<\/a><\/li>\n<li><a href=\"https:\/\/www.utzac.edu.mx\/wp-content\/uploads\/2019\/12\/A3-2-1-UTZAC.pdf\" target=\"_blank\" rel=\"noopener\">Capacitaci\u00f3n de Contralor\u00eda Social Funci\u00f3n P\u00fablica<\/a><\/li>\n<li><a href=\"https:\/\/www.utzac.edu.mx\/wp-content\/uploads\/2019\/12\/A3-4-UTZAC.pdf\" target=\"_blank\" rel=\"noopener\">Distribuir el Material de Difusi\u00f3n<\/a><\/li>\n<li><a href=\"https:\/\/www.utzac.edu.mx\/wp-content\/uploads\/2019\/12\/A3-5-UTZAC.pdf\" target=\"_blank\" rel=\"noopener\">Primera Revisi\u00f3n de Gastos PFCE<\/a><\/li>\n<li><a href=\"https:\/\/www.utzac.edu.mx\/wp-content\/uploads\/2019\/12\/A3-6-UTZAC.pdf\" target=\"_blank\" rel=\"noopener\">Segunda Revisi\u00f3n de Gastos PFCE<\/a><\/li>\n<li><a href=\"https:\/\/www.utzac.edu.mx\/wp-content\/uploads\/2019\/12\/A3-7-UTZAC.pdf\" target=\"_blank\" rel=\"noopener\">Ultima Revisi\u00f3n de Gastos PFCE<\/a><\/li>\n<li><a href=\"https:\/\/www.utzac.edu.mx\/wp-content\/uploads\/2019\/12\/A3-8-UTZAC.pdf\" target=\"_blank\" rel=\"noopener\">Informe Final PFCE<\/a><\/li>\n<\/ol>\n<p>\u2192 Directorios<\/p>\n<ol>\n<li><a href=\"https:\/\/www.utzac.edu.mx\/wp-content\/uploads\/2019\/09\/Instancia-Normativa.pdf\" target=\"_blank\" rel=\"noopener\">Instancia\u00a0Normativa<\/a><\/li>\n<li><a href=\"https:\/\/www.utzac.edu.mx\/wp-content\/uploads\/2019\/09\/intancia-ejecutora.pdf\" target=\"_blank\" rel=\"noopener\">Instancia\u00a0Ejecutora\u00a0(Datos\u00a0del\u00a0Responsable\u00a0de\u00a0Contralor\u00eda\u00a0Social\u00a0y\u00a0miembros\u00a0del\u00a0Comit\u00e9\u00a0de\u00a0Contralor\u00eda\u00a0Social)<\/a><\/li>\n<li><a href=\"https:\/\/www.utzac.edu.mx\/wp-content\/uploads\/2019\/09\/responsable-CS-Organo-externo-de-control.pdf\" target=\"_blank\" rel=\"noopener\">Responsables de la Contralor\u00eda Social en el \u00d3rgano Estatal de Control (OEC)<\/a><\/li>\n<\/ol>\n<p>&nbsp;<\/p>\n<p>&nbsp;<\/p>\n<p>&nbsp;<\/p>\n<\/div>\n<\/div>\n\t\t<\/div> \n\t<\/div> \n<\/div><div class=\"vc_row-full-width\"><\/div>\t<div class=\"vc_row wpb_row vc_row-fluid\"  >\n\t<div class=\"vc_col-sm-12 wpb_column vc_column_container \">\n\t\t<div class=\"wpb_wrapper\">\n\t\t\t\n\t<div class=\"wpb_text_column wpb_content_element \">\n\t\t<div class=\"wpb_wrapper\">\n\t\t\t<p>&nbsp;<\/p>\n\n\t\t<\/div> \n\t<\/div> \n\t\t<\/div> \n\t<\/div> \n<\/div><div class=\"vc_row-full-width\"><\/div>\r\n\r\n<p>&nbsp;<\/p>","protected":false},"excerpt":{"rendered":"<p>&nbsp;<\/p>\n","protected":false},"author":8,"featured_media":0,"parent":0,"menu_order":0,"comment_status":"closed","ping_status":"open","template":"","meta":[],"_links":{"self":[{"href":"https:\/\/www.utzac.edu.mx\/index.php?rest_route=\/wp\/v2\/pages\/9399"}],"collection":[{"href":"https:\/\/www.utzac.edu.mx\/index.php?rest_route=\/wp\/v2\/pages"}],"about":[{"href":"https:\/\/www.utzac.edu.mx\/index.php?rest_route=\/wp\/v2\/types\/page"}],"author":[{"embeddable":true,"href":"https:\/\/www.utzac.edu.mx\/index.php?rest_route=\/wp\/v2\/users\/8"}],"replies":[{"embeddable":true,"href":"https:\/\/www.utzac.edu.mx\/index.php?rest_route=%2Fwp%2Fv2%2Fcomments&post=9399"}],"version-history":[{"count":0,"href":"https:\/\/www.utzac.edu.mx\/index.php?rest_route=\/wp\/v2\/pages\/9399\/revisions"}],"wp:attachment":[{"href":"https:\/\/www.utzac.edu.mx\/index.php?rest_route=%2Fwp%2Fv2%2Fmedia&parent=9399"}],"curies":[{"name":"wp","href":"https:\/\/api.w.org\/{rel}","templated":true}]}}