{"id":9053,"date":"2017-06-05T14:34:50","date_gmt":"2017-06-05T19:34:50","guid":{"rendered":"http:\/\/www.utzac.edu.mx\/?page_id=9053"},"modified":"2023-06-26T10:16:20","modified_gmt":"2023-06-26T16:16:20","slug":"codigo-de-etica","status":"publish","type":"page","link":"https:\/\/www.utzac.edu.mx\/?page_id=9053","title":{"rendered":"C\u00f3digos de \u00c9tica y Conducta"},"content":{"rendered":"<p><a href=\"https:\/\/www.utzac.edu.mx\/wp-content\/uploads\/2023\/06\/CODIGO-DE-ETICA-2022.pdf\" target=\"_blank\" rel=\"noopener\">C\u00f3digo de \u00c9tica<\/a><\/p>\n<p><a href=\"https:\/\/www.utzac.edu.mx\/wp-content\/uploads\/2023\/06\/Codigo-de-Conducta-UTZAC.pdf\" target=\"_blank\" rel=\"noopener\">C\u00f3digo de Conducta<\/a><\/p>\n<p><a href=\"https:\/\/www.utzac.edu.mx\/wp-content\/uploads\/2023\/06\/FORMATO-DE-QUEJAS-CODIGO-DE-ETICA.pdf\" target=\"_blank\" rel=\"noopener\">Formato de Quejas C\u00f3digo de \u00c9tica<\/a><\/p>\n<p><a title=\"Formato-buzon-sugerencias-denuncias\" href=\"https:\/\/www.utzac.edu.mx\/wp-content\/uploads\/2019\/08\/F-ABG-01-Formato-buzon-sugerencias-denuncias-2019-1.pdf\" target=\"_blank\" rel=\"noopener\">F-ABG-01 Formato buzon sugerencias-denuncias<\/a><\/p>","protected":false},"excerpt":{"rendered":"<p>C\u00f3digo de \u00c9tica C\u00f3digo de Conducta Formato de Quejas C\u00f3digo de \u00c9tica F-ABG-01 Formato buzon sugerencias-denuncias<\/p>\n","protected":false},"author":8,"featured_media":0,"parent":0,"menu_order":0,"comment_status":"closed","ping_status":"open","template":"","meta":{"_eb_attr":""},"_links":{"self":[{"href":"https:\/\/www.utzac.edu.mx\/index.php?rest_route=\/wp\/v2\/pages\/9053"}],"collection":[{"href":"https:\/\/www.utzac.edu.mx\/index.php?rest_route=\/wp\/v2\/pages"}],"about":[{"href":"https:\/\/www.utzac.edu.mx\/index.php?rest_route=\/wp\/v2\/types\/page"}],"author":[{"embeddable":true,"href":"https:\/\/www.utzac.edu.mx\/index.php?rest_route=\/wp\/v2\/users\/8"}],"replies":[{"embeddable":true,"href":"https:\/\/www.utzac.edu.mx\/index.php?rest_route=%2Fwp%2Fv2%2Fcomments&post=9053"}],"version-history":[{"count":0,"href":"https:\/\/www.utzac.edu.mx\/index.php?rest_route=\/wp\/v2\/pages\/9053\/revisions"}],"wp:attachment":[{"href":"https:\/\/www.utzac.edu.mx\/index.php?rest_route=%2Fwp%2Fv2%2Fmedia&parent=9053"}],"curies":[{"name":"wp","href":"https:\/\/api.w.org\/{rel}","templated":true}]}}