{"id":5687,"date":"2015-03-03T15:47:30","date_gmt":"2015-03-03T21:47:30","guid":{"rendered":"http:\/\/www.utzac.edu.mx\/?page_id=5687"},"modified":"2021-03-24T13:43:27","modified_gmt":"2021-03-24T19:43:27","slug":"ingenieria-en-mantenimiento-industrial","status":"publish","type":"page","link":"https:\/\/www.utzac.edu.mx\/?page_id=5687","title":{"rendered":"Ingenier\u00eda en Mantenimiento Industrial"},"content":{"rendered":"<div class=\"vc_row wpb_row vc_row-fluid\"  >\n\t<div class=\"vc_col-sm-12 wpb_column vc_column_container \">\n\t\t<div class=\"wpb_wrapper\">\n\t\t\t<div class=\"vc_custom_heading\" ><h2 style=\"text-align: left;font-family:Abril Fatface;font-weight:400;font-style:normal\" >Competencias profesionales desarrolladas<\/h2><\/div>\n\t<div class=\"wpb_text_column wpb_content_element \">\n\t\t<div class=\"wpb_wrapper\">\n\t\t\t<p>1. Dise\u00f1ar estrategias de mantenimiento mediante el an\u00e1lisis de factores humanos, tecnol\u00f3gicos, econ\u00f3micos y financieros, para la elaboraci\u00f3n y administraci\u00f3n del plan maestro de mantenimiento que garantice la disponibilidad y confiabilidad de planta, contribuyendo a la competitividad de la empresa.<\/p>\n<ul>\n<li>1.1. Valorar la informaci\u00f3n de los factores humanos, tecnol\u00f3gicos, econ\u00f3micos y financieros mediante el an\u00e1lisis de las pol\u00edticas y las condiciones de la empresa y de su entorno para la toma de decisiones.<\/li>\n<li>1.2. Administrar el plan maestro de mantenimiento mediante el establecimiento de pol\u00edticas m\u00e9todos y procedimientos de mantenimiento para mejorar la operaci\u00f3n de los recursos y equipos empleados.<\/li>\n<\/ul>\n<p>2.\u00a0Optimizar las actividades del mantenimiento y las condiciones de operaci\u00f3n de los equipos a trav\u00e9s de t\u00e9cnicas y herramientas de confiabilidad para incrementar la eficiencia global de los equipos y reducir los costos de mantenimiento como apoyo a la sustentabilidad y la competitividad de la empresa.<\/p>\n<ul>\n<li>2.1. Garantizar la correcta operaci\u00f3n de los equipos e instalaciones mediante la aplicaci\u00f3n de las mejores pr\u00e1cticas de mantenimiento para contribuir a la competitividad de la empresa<\/li>\n<li>2.2. Supervisar el uso racional y eficiente de recursos energ\u00e9ticos, la seguridad industrial y el manejo de residuos mediante la aplicaci\u00f3n de normas para coadyuvar a la operaci\u00f3n sustentable de la empresa.<\/li>\n<\/ul>\n<p>3.\u00a0Validar estudios de ingenier\u00eda y proyectos t\u00e9cnico-econ\u00f3micos mediante an\u00e1lisis de factibilidad para mejorar la mantenibilidad de los equipos e instalaciones.<\/p>\n<ul>\n<li>3.1. Integrar proyectos de innovaci\u00f3n a los sistemas productivos con enfoque en la mantenibilidad mediante la utilizaci\u00f3n de nuevas tecnolog\u00edas para mejorar la operatividad de la empresa.<\/li>\n<li>3.2. Dise\u00f1ar proyectos de desarrollo tecnol\u00f3gico mediante estudios de viabilidad y factibilidad para mejorar la mantenibilidad.<\/li>\n<\/ul>\n<p><strong>ESCENARIOS DE ACTUACI\u00d3N<\/strong><\/p>\n<p>El Ingeniero en Mantenimiento Industrial podr\u00e1 desenvolverse en:<\/p>\n<ul>\n<li>Empresas p\u00fablicas y privadas dedicadas de los sectores primario, secundario y terciario<\/li>\n<li>Empresas dedicadas a la Miner\u00eda, Pesca y Agricultura<\/li>\n<li>Empresas metal mec\u00e1nicas, alimenticias, del pl\u00e1stico, qu\u00edmicas, del vestir, aeron\u00e1uticas, automotrices, de electrodom\u00e9sticos, farmac\u00e9uticas, entre otras.<\/li>\n<li>Empresas de servicio como hoteles, hospitales, entre otros.<\/li>\n<\/ul>\n<p><strong>OCUPACIONES PROFESIONALES<\/strong><\/p>\n<p>El ingeniero en Mantenimiento Industrial podr\u00e1 desempe\u00f1arse como:<\/p>\n<ul>\n<li>Gerente de planta<\/li>\n<li>Gerencia de Mantenimiento<\/li>\n<li>Ingeniero de Mantenimiento<\/li>\n<\/ul>\n<div class=\"su-document su-u-responsive-media-yes\"><iframe src=\"\/\/docs.google.com\/viewer?embedded=true&url=https:\/\/www.utzac.edu.mx\/wp-content\/uploads\/2015\/02\/ING_Mantenimiento.pdf\" width=\"280\" height=\"280\" class=\"su-document\" title=\"\"><\/iframe><\/div>\n\n\t\t<\/div> \n\t<\/div> \n\t\t<\/div> \n\t<\/div> \n<\/div><div class=\"vc_row-full-width\"><\/div>","protected":false},"excerpt":{"rendered":"Competencias profesionales desarrolladas 1. Dise\u00f1ar estrategias de mantenimiento mediante el an\u00e1lisis de factores humanos, tecnol\u00f3gicos, econ\u00f3micos y financieros, para la elaboraci\u00f3n y administraci\u00f3n del plan maestro de mantenimiento que garantice la disponibilidad y confiabilidad de planta, contribuyendo a la competitividad de la empresa. 1.1. Valorar la informaci\u00f3n de los factores humanos, tecnol\u00f3gicos, econ\u00f3micos y financieros [...]","protected":false},"author":8,"featured_media":0,"parent":0,"menu_order":0,"comment_status":"closed","ping_status":"open","template":"","meta":[],"_links":{"self":[{"href":"https:\/\/www.utzac.edu.mx\/index.php?rest_route=\/wp\/v2\/pages\/5687"}],"collection":[{"href":"https:\/\/www.utzac.edu.mx\/index.php?rest_route=\/wp\/v2\/pages"}],"about":[{"href":"https:\/\/www.utzac.edu.mx\/index.php?rest_route=\/wp\/v2\/types\/page"}],"author":[{"embeddable":true,"href":"https:\/\/www.utzac.edu.mx\/index.php?rest_route=\/wp\/v2\/users\/8"}],"replies":[{"embeddable":true,"href":"https:\/\/www.utzac.edu.mx\/index.php?rest_route=%2Fwp%2Fv2%2Fcomments&post=5687"}],"version-history":[{"count":0,"href":"https:\/\/www.utzac.edu.mx\/index.php?rest_route=\/wp\/v2\/pages\/5687\/revisions"}],"wp:attachment":[{"href":"https:\/\/www.utzac.edu.mx\/index.php?rest_route=%2Fwp%2Fv2%2Fmedia&parent=5687"}],"curies":[{"name":"wp","href":"https:\/\/api.w.org\/{rel}","templated":true}]}}