{"id":5683,"date":"2015-03-03T15:46:54","date_gmt":"2015-03-03T21:46:54","guid":{"rendered":"http:\/\/www.utzac.edu.mx\/?page_id=5683"},"modified":"2015-05-28T09:48:14","modified_gmt":"2015-05-28T14:48:14","slug":"ingenieria-en-tics","status":"publish","type":"page","link":"https:\/\/www.utzac.edu.mx\/?page_id=5683","title":{"rendered":"Ingenier\u00eda en TICS"},"content":{"rendered":"\t<div class=\"vc_row wpb_row vc_row-fluid\"  >\n\t<div class=\"vc_col-sm-12 wpb_column vc_column_container \">\n\t\t<div class=\"wpb_wrapper\">\n\t\t\t<div class=\"vc_custom_heading\" ><h2 style=\"text-align: left;font-family:Abril Fatface;font-weight:400;font-style:normal\" >Competencias profesionales desarrolladas<\/h2><\/div>\n\t<div class=\"wpb_text_column wpb_content_element \">\n\t\t<div class=\"wpb_wrapper\">\n\t\t\t<p>1.Dirigir proyectos de tecnolog\u00edas de informaci\u00f3n y comunicaci\u00f3n, para contribuir a la productividad y logro de los objetivos estrat\u00e9gicos de las organizaciones utilizando las metodolog\u00edas apropiadas.<\/p>\n<ul>\n<li>1.1. Formular proyectos de tecnolog\u00edas de informaci\u00f3n y comunicaci\u00f3n, mediante procesos est\u00e1ndares y modelos de calidad para contribuir con el logro de los objetivos estrat\u00e9gicos de las organizaciones.<\/li>\n<li>1.2. Planear proyectos de tecnolog\u00edas de la informaci\u00f3n y comunicaci\u00f3n para la implementaci\u00f3n eficaz de soluciones, empleando los recursos disponibles en la organizaci\u00f3n.<\/li>\n<li>1.3. Construir el proyecto de tecnolog\u00edas de la informaci\u00f3n y comunicaci\u00f3n empleando est\u00e1ndares y modelos de calidad para contribuir en la competitividad de las organizaciones.<\/li>\n<li>1.4 Dirigir, el proceso de implementaci\u00f3n de proyectos de tecnolog\u00edas de informaci\u00f3n y comunicaci\u00f3n, mediante su correcta ejecuci\u00f3n para alcanzar las metas y objetivos empleando habilidades gerenciales.<\/li>\n<\/ul>\n<p>2.\u00a0Evaluar sistemas de tecnolog\u00edas de informaci\u00f3n y comunicaci\u00f3n para establecer acciones de mejora e innovaci\u00f3n en las organizaciones mediante el uso de metodolog\u00edas para auditor\u00eda.<\/p>\n<ul>\n<li>2.1 Diagnosticar el sistema de tecnolog\u00edas de informaci\u00f3n y comunicaci\u00f3n, mediante auditor\u00edas y metodolog\u00edas basadas en est\u00e1ndares para identificar las condiciones actuales.<\/li>\n<li>2.2 Proponer la implementaci\u00f3n de nuevas tecnolog\u00edas, para atender \u00e1reas de oportunidad e innovaci\u00f3n en las organizaciones mediante la evaluaci\u00f3n de las tecnolog\u00edas existentes en el mercado.<\/li>\n<\/ul>\n<p><strong>ESCENARIOS DE ACTUACI\u00d3N<\/strong><\/p>\n<p>El ingeniero en Tecnolog\u00edas de la Informaci\u00f3n y Comunicaci\u00f3n podr\u00e1 desenvolverse en:<\/p>\n<ul>\n<li>En los sectores privado, p\u00fablico y social, en las diferentes ramas productivas que demanden servicios de Tecnolog\u00edas de la Informaci\u00f3n.<\/li>\n<li>En forma independiente mediante la integraci\u00f3n de empresas orientadas al desarrollo y consultor\u00eda de bienes y servicios.<\/li>\n<\/ul>\n<p><strong>OCUPACIONES PROFESIONALES<\/strong><\/p>\n<p>El ingeniero en Tecnolog\u00edas de la Informaci\u00f3n y Comunicaci\u00f3n podr\u00e1 desempe\u00f1arse como:<\/p>\n<ul>\n<li>Ejecutivo integrador de tecnolog\u00edas de vanguardia para optimizar la operaci\u00f3n de industrias y empresas.<\/li>\n<li>Dise\u00f1ador de sistemas de informaci\u00f3n.<\/li>\n<li>Administrador de proyectos y servicios de TIC<\/li>\n<li>Director\/Gerente de Tecnolog\u00edas de Informaci\u00f3n y Comunicaci\u00f3n.<\/li>\n<\/ul>\n<div class=\"su-document su-u-responsive-media-yes\"><iframe src=\"\/\/docs.google.com\/viewer?embedded=true&url=https:\/\/www.utzac.edu.mx\/wp-content\/uploads\/2015\/02\/ING_TIC.pdf\" width=\"280\" height=\"280\" class=\"su-document\" title=\"\"><\/iframe><\/div>\n\n\t\t<\/div> \n\t<\/div> \n\t\t<\/div> \n\t<\/div> \n<\/div><div class=\"vc_row-full-width\"><\/div>\n ","protected":false},"excerpt":{"rendered":"Competencias profesionales desarrolladas 1.Dirigir proyectos de tecnolog\u00edas de informaci\u00f3n y comunicaci\u00f3n, para contribuir a la productividad y logro de los objetivos estrat\u00e9gicos de las organizaciones utilizando las metodolog\u00edas apropiadas. 1.1. Formular proyectos de tecnolog\u00edas de informaci\u00f3n y comunicaci\u00f3n, mediante procesos est\u00e1ndares y modelos de calidad para contribuir con el logro de los objetivos estrat\u00e9gicos de [...]","protected":false},"author":8,"featured_media":0,"parent":0,"menu_order":0,"comment_status":"closed","ping_status":"open","template":"","meta":{"_eb_attr":""},"_links":{"self":[{"href":"https:\/\/www.utzac.edu.mx\/index.php?rest_route=\/wp\/v2\/pages\/5683"}],"collection":[{"href":"https:\/\/www.utzac.edu.mx\/index.php?rest_route=\/wp\/v2\/pages"}],"about":[{"href":"https:\/\/www.utzac.edu.mx\/index.php?rest_route=\/wp\/v2\/types\/page"}],"author":[{"embeddable":true,"href":"https:\/\/www.utzac.edu.mx\/index.php?rest_route=\/wp\/v2\/users\/8"}],"replies":[{"embeddable":true,"href":"https:\/\/www.utzac.edu.mx\/index.php?rest_route=%2Fwp%2Fv2%2Fcomments&post=5683"}],"version-history":[{"count":0,"href":"https:\/\/www.utzac.edu.mx\/index.php?rest_route=\/wp\/v2\/pages\/5683\/revisions"}],"wp:attachment":[{"href":"https:\/\/www.utzac.edu.mx\/index.php?rest_route=%2Fwp%2Fv2%2Fmedia&parent=5683"}],"curies":[{"name":"wp","href":"https:\/\/api.w.org\/{rel}","templated":true}]}}