{"id":5387,"date":"2015-02-27T07:57:33","date_gmt":"2015-02-27T13:57:33","guid":{"rendered":"http:\/\/www.utzac.edu.mx\/?page_id=5387"},"modified":"2024-05-07T15:56:42","modified_gmt":"2024-05-07T21:56:42","slug":"servicios-al-estudiante","status":"publish","type":"page","link":"https:\/\/www.utzac.edu.mx\/?page_id=5387","title":{"rendered":"Servicios al estudiante"},"content":{"rendered":"<div class=\"vc_row wpb_row vc_row-fluid\"  >\n\t<div class=\"vc_col-sm-12 wpb_column vc_column_container \">\n\t\t<div class=\"wpb_wrapper\">\n\t\t\t\n\t<div class=\"wpb_text_column wpb_content_element \">\n\t\t<div class=\"wpb_wrapper\">\n\t\t\t<p>La Universidad Tecnol\u00f3gica del Estado de Zacatecas, entiende que la relaci\u00f3n que establece con sus alumnos no debe limitarse a aspectos meramente acad\u00e9micos. Por ello, ofrece a la comunidad estudiantil una serie de servicios en diferentes \u00e1mbitos \u2013cuidado de la salud, desarrollo personal, apoyo social, deportivo, cultural que se complementan para lograr el gran objetivo final de una formaci\u00f3n integral y humanista.<\/p>\n<p>Si deseas conocer m\u00e1s acerca de los servicios que ofrece la Universidad, te presentamos una breve rese\u00f1a de todos y cada uno de los servicios que se te ofrecen.<\/p>\n\n\t\t<\/div> \n\t<\/div> \n\t\t<\/div> \n\t<\/div> \n<\/div><div class=\"vc_row-full-width\"><\/div>\t<div class=\"vc_row wpb_row vc_row-fluid\"  >\n\t<div class=\"vc_col-sm-12 wpb_column vc_column_container \">\n\t\t<div class=\"wpb_wrapper\">\n\t\t\t\n\t<div class=\"wpb_tour wpb_content_element\" data-interval=\"0\">\n\t\t<div class=\"wpb_wrapper wpb_tour_tabs_wrapper ui-tabs vc_clearfix\">\n\t\t\t<ul class=\"wpb_tabs_nav ui-tabs-nav vc_clearfix\"><li><a href=\"#tab-1425406584-1-67\">Transporte<\/a><\/li><li><a href=\"#tab-1425406584-2-27\">Cafeter\u00eda<\/a><\/li><li><a href=\"#tab-1425406640790-2-2\">Biblioteca<\/a><\/li><li><a href=\"#tab-1425406641717-3-4\">Apoyo Psicol\u00f3gico<\/a><\/li><\/ul>\n\n\t\t\t\n\t\t\t<div id=\"tab-1425406584-1-67\" class=\"wpb_tab ui-tabs-panel wpb_ui-tabs-hide vc_clearfix\">\n\t\t\t\t<div class=\"vc_custom_heading\" ><h2 style=\"text-align: left;font-family:Abril Fatface;font-weight:400;font-style:normal\" >C\u00f3mo llegar a la UTZAC<\/h2><\/div>\n\t<div class=\"wpb_text_column wpb_content_element \">\n\t\t<div class=\"wpb_wrapper\">\n\t\t\t<p>Utiliza las rutas 14 de Zacatecas para llegar a la Universidad: algunos de los puntos principales son 5 se\u00f1ores, Bulevar Centro, Walmart y office Depot<\/p>\n\n\t\t<\/div> \n\t<\/div> <div class=\"wpb_gmaps_widget wpb_content_element vc_map_responsive\">\n\t\t<div class=\"wpb_wrapper\">\n\t\t<div class=\"wpb_map_wraper\">\n\t\t\t<iframe src=\"https:\/\/www.google.com\/maps\/embed?pb=!1m18!1m12!1m3!1d3680.2846229780125!2d-102.48750500000006!3d22.71766000000001!2m3!1f0!2f0!3f0!3m2!1i1024!2i768!4f13.1!3m3!1m2!1s0x8682488bd37bb951%3A0x851fabf929dd8566!2sUniversidad+Tecnologica+del+Estado+de+Zacatecas!5e0!3m2!1ses!2smx!4v1431838910322\" width=\"600\" height=\"450\" frameborder=\"0\" style=\"border:0\"><\/iframe>\t\t<\/div>\n\t<\/div><\/div>\n\t\t\t<\/div> \n\t\t\t<div id=\"tab-1425406584-2-27\" class=\"wpb_tab ui-tabs-panel wpb_ui-tabs-hide vc_clearfix\">\n\t\t\t\t<div class=\"vc_custom_heading\" ><h2 style=\"text-align: left;font-family:Abril Fatface;font-weight:400;font-style:normal\" >Qu\u00e9 comer<\/h2><\/div>\n\t<div class=\"wpb_text_column wpb_content_element \">\n\t\t<div class=\"wpb_wrapper\">\n\t\t\t<p>Te brindamos servicio de cafeter\u00eda donde podr\u00e1s degustar de una variedad de deliciosos platillos preparados al momento y a\u00fan mejor, a precios muy accesibles.\u00a0<\/p>\n<p><strong>Menu de la semana:<\/strong> <\/p>\n\n\t\t<\/div> \n\t<\/div> \n\t<div class=\"wpb_single_image wpb_content_element vc_align_\">\n\t\t<div class=\"wpb_wrapper\">\n\t\t\t\n\t\t\t<a href=\"https:\/\/www.utzac.edu.mx\/wp-content\/uploads\/2024\/05\/WhatsApp-Image-2024-05-06-at-1.37.10-PM3-e1715116749466-1024x1024.jpeg\" target=\"_self\"><div class=\"vc_single_image-wrapper   vc_box_border_grey\"><img width=\"150\" height=\"150\" src=\"https:\/\/www.utzac.edu.mx\/wp-content\/uploads\/2024\/05\/WhatsApp-Image-2024-05-06-at-1.37.10-PM3-e1715116749466-150x150.jpeg\" class=\"vc_single_image-img attachment-thumbnail\" alt=\"\" decoding=\"async\" srcset=\"https:\/\/www.utzac.edu.mx\/wp-content\/uploads\/2024\/05\/WhatsApp-Image-2024-05-06-at-1.37.10-PM3-e1715116749466-150x150.jpeg 150w, https:\/\/www.utzac.edu.mx\/wp-content\/uploads\/2024\/05\/WhatsApp-Image-2024-05-06-at-1.37.10-PM3-e1715116749466-300x300.jpeg 300w, https:\/\/www.utzac.edu.mx\/wp-content\/uploads\/2024\/05\/WhatsApp-Image-2024-05-06-at-1.37.10-PM3-e1715116749466-1024x1024.jpeg 1024w, https:\/\/www.utzac.edu.mx\/wp-content\/uploads\/2024\/05\/WhatsApp-Image-2024-05-06-at-1.37.10-PM3-e1715116749466-768x768.jpeg 768w, https:\/\/www.utzac.edu.mx\/wp-content\/uploads\/2024\/05\/WhatsApp-Image-2024-05-06-at-1.37.10-PM3-e1715116749466-700x700.jpeg 700w, https:\/\/www.utzac.edu.mx\/wp-content\/uploads\/2024\/05\/WhatsApp-Image-2024-05-06-at-1.37.10-PM3-e1715116749466-45x45.jpeg 45w, https:\/\/www.utzac.edu.mx\/wp-content\/uploads\/2024\/05\/WhatsApp-Image-2024-05-06-at-1.37.10-PM3-e1715116749466-600x600.jpeg 600w, https:\/\/www.utzac.edu.mx\/wp-content\/uploads\/2024\/05\/WhatsApp-Image-2024-05-06-at-1.37.10-PM3-e1715116749466-100x100.jpeg 100w, https:\/\/www.utzac.edu.mx\/wp-content\/uploads\/2024\/05\/WhatsApp-Image-2024-05-06-at-1.37.10-PM3-e1715116749466.jpeg 1280w\" sizes=\"(max-width: 150px) 100vw, 150px\" \/><\/div><\/a>\n\t\t<\/div> \n\t<\/div> \n\t\t\t<\/div> \n\t\t\t<div id=\"tab-1425406640790-2-2\" class=\"wpb_tab ui-tabs-panel wpb_ui-tabs-hide vc_clearfix\">\n\t\t\t\t<div class=\"vc_custom_heading\" ><h2 style=\"text-align: left;font-family:Abril Fatface;font-weight:400;font-style:normal\" >Enriquece tus conocimientos<\/h2><\/div>\n\t<div class=\"wpb_text_column wpb_content_element \">\n\t\t<div class=\"wpb_wrapper\">\n\t\t\t<p>Te brindamos un espacio ampl\u00edo de biblioteca para que realices tus consultas, estudies tranquilamente o simplemente relajarte leyendo una revista. T\u00fa escoges&#8230;<\/p>\n\n\t\t<\/div> \n\t<\/div> \n\t<div class=\"wpb_single_image wpb_content_element vc_align_left\">\n\t\t<div class=\"wpb_wrapper\">\n\t\t\t\n\t\t\t<div class=\"vc_single_image-wrapper   vc_box_border_grey\"><img width=\"1024\" height=\"373\" src=\"https:\/\/www.utzac.edu.mx\/wp-content\/uploads\/revslider\/homeslider\/slidebg2-1024x373.jpg\" class=\"vc_single_image-img attachment-large\" alt=\"\" decoding=\"async\" srcset=\"https:\/\/www.utzac.edu.mx\/wp-content\/uploads\/revslider\/homeslider\/slidebg2-1024x373.jpg 1024w, https:\/\/www.utzac.edu.mx\/wp-content\/uploads\/revslider\/homeslider\/slidebg2-300x109.jpg 300w, https:\/\/www.utzac.edu.mx\/wp-content\/uploads\/revslider\/homeslider\/slidebg2-700x255.jpg 700w, https:\/\/www.utzac.edu.mx\/wp-content\/uploads\/revslider\/homeslider\/slidebg2.jpg 1920w\" sizes=\"(max-width: 1024px) 100vw, 1024px\" \/><\/div>\n\t\t<\/div> \n\t<\/div> \n\t\t\t<\/div> \n\t\t\t<div id=\"tab-1425406641717-3-4\" class=\"wpb_tab ui-tabs-panel wpb_ui-tabs-hide vc_clearfix\">\n\t\t\t\t<div class=\"vc_custom_heading\" ><h2 style=\"text-align: left;font-family:Abril Fatface;font-weight:400;font-style:normal\" >Necesitas orientaci\u00f3n?<\/h2><\/div>\n\t<div class=\"wpb_text_column wpb_content_element \">\n\t\t<div class=\"wpb_wrapper\">\n\t\t\t<p>En nuestra instituci\u00f3n nos interesa que est\u00e9s bien y que est\u00e9s en el lugar adecuado. Si requieres hablar con alguien para consultar orientaci\u00f3n no dudes en preguntar.Env\u00eda tus datos en el siguiente formulario y nos encargamos de darte la ayuda que requieres<\/p>\n\n\t\t<\/div> \n\t<\/div> <div role=\"form\" class=\"wpcf7\" id=\"wpcf7-f5-o1\" lang=\"es-ES\" dir=\"ltr\">\n<div class=\"screen-reader-response\"><\/div>\n<form action=\"\/index.php?rest_route=%2Fwp%2Fv2%2Fpages%2F5387#wpcf7-f5-o1\" method=\"post\" class=\"wpcf7-form\" novalidate=\"novalidate\">\n<div style=\"display: none;\">\n<input type=\"hidden\" name=\"_wpcf7\" value=\"5\" \/>\n<input type=\"hidden\" name=\"_wpcf7_version\" value=\"5.1.1\" \/>\n<input type=\"hidden\" name=\"_wpcf7_locale\" value=\"es_ES\" \/>\n<input type=\"hidden\" name=\"_wpcf7_unit_tag\" value=\"wpcf7-f5-o1\" \/>\n<input type=\"hidden\" name=\"_wpcf7_container_post\" value=\"0\" \/>\n<input type=\"hidden\" name=\"g-recaptcha-response\" value=\"\" \/>\n<\/div>\n<p>Su nombre (requerido)<br \/>\n    <span class=\"wpcf7-form-control-wrap your-name\"><input type=\"text\" name=\"your-name\" value=\"\" size=\"40\" class=\"wpcf7-form-control wpcf7-text wpcf7-validates-as-required\" aria-required=\"true\" aria-invalid=\"false\" \/><\/span> <\/p>\n<p>Su e-mail (requerido)<br \/>\n    <span class=\"wpcf7-form-control-wrap your-email\"><input type=\"email\" name=\"your-email\" value=\"\" size=\"40\" class=\"wpcf7-form-control wpcf7-text wpcf7-email wpcf7-validates-as-required wpcf7-validates-as-email\" aria-required=\"true\" aria-invalid=\"false\" \/><\/span> <\/p>\n<p>Asunto<br \/>\n    <span class=\"wpcf7-form-control-wrap your-subject\"><input type=\"text\" name=\"your-subject\" value=\"\" size=\"40\" class=\"wpcf7-form-control wpcf7-text\" aria-invalid=\"false\" \/><\/span> <\/p>\n<p>Su mensaje<br \/>\n    <span class=\"wpcf7-form-control-wrap your-message\"><textarea name=\"your-message\" cols=\"40\" rows=\"10\" class=\"wpcf7-form-control wpcf7-textarea\" aria-invalid=\"false\"><\/textarea><\/span> <\/p>\n<p><input type=\"submit\" value=\"Enviar\" class=\"wpcf7-form-control wpcf7-submit\" \/><\/p>\n<div class=\"wpcf7-response-output wpcf7-display-none\"><\/div><\/form><\/div>\n\t\t\t<\/div> \n\t\t\t<div class=\"wpb_tour_next_prev_nav vc_clearfix\"> <span class=\"wpb_prev_slide\"><a href=\"#prev\" title=\"Previous tab\">Previous tab<\/a><\/span> <span class=\"wpb_next_slide\"><a href=\"#next\" title=\"Next tab\">Next tab<\/a><\/span><\/div>\n\t\t<\/div> \n\t<\/div> \n\t\t<\/div> \n\t<\/div> \n<\/div><div class=\"vc_row-full-width\"><\/div>","protected":false},"excerpt":{"rendered":"La Universidad Tecnol\u00f3gica del Estado de Zacatecas, entiende que la relaci\u00f3n que establece con sus alumnos no debe limitarse a aspectos meramente acad\u00e9micos. Por ello, ofrece a la comunidad estudiantil una serie de servicios en diferentes \u00e1mbitos \u2013cuidado de la salud, desarrollo personal, apoyo social, deportivo, cultural que se complementan para lograr el gran objetivo [...]","protected":false},"author":8,"featured_media":0,"parent":0,"menu_order":0,"comment_status":"closed","ping_status":"open","template":"","meta":{"_eb_attr":""},"_links":{"self":[{"href":"https:\/\/www.utzac.edu.mx\/index.php?rest_route=\/wp\/v2\/pages\/5387"}],"collection":[{"href":"https:\/\/www.utzac.edu.mx\/index.php?rest_route=\/wp\/v2\/pages"}],"about":[{"href":"https:\/\/www.utzac.edu.mx\/index.php?rest_route=\/wp\/v2\/types\/page"}],"author":[{"embeddable":true,"href":"https:\/\/www.utzac.edu.mx\/index.php?rest_route=\/wp\/v2\/users\/8"}],"replies":[{"embeddable":true,"href":"https:\/\/www.utzac.edu.mx\/index.php?rest_route=%2Fwp%2Fv2%2Fcomments&post=5387"}],"version-history":[{"count":0,"href":"https:\/\/www.utzac.edu.mx\/index.php?rest_route=\/wp\/v2\/pages\/5387\/revisions"}],"wp:attachment":[{"href":"https:\/\/www.utzac.edu.mx\/index.php?rest_route=%2Fwp%2Fv2%2Fmedia&parent=5387"}],"curies":[{"name":"wp","href":"https:\/\/api.w.org\/{rel}","templated":true}]}}