{"id":5302,"date":"2015-02-27T07:38:16","date_gmt":"2015-02-27T13:38:16","guid":{"rendered":"http:\/\/www.utzac.edu.mx\/?page_id=5302"},"modified":"2024-11-04T14:42:29","modified_gmt":"2024-11-04T20:42:29","slug":"mensaje-de-la-rectora","status":"publish","type":"page","link":"https:\/\/www.utzac.edu.mx\/?page_id=5302","title":{"rendered":"Mensaje de Rector\u00eda"},"content":{"rendered":"<div class=\"vc_row wpb_row vc_row-fluid\"  >\n\t<div class=\"vc_col-sm-8 wpb_column vc_column_container \">\n\t\t<div class=\"wpb_wrapper\">\n\t\t\t<div class=\"vc_custom_heading\" ><h2 style=\"text-align: left;font-family:Montserrat;font-weight:400;font-style:normal\" ><\/h2><\/div>\n\t<div class=\"wpb_text_column wpb_content_element \">\n\t\t<div class=\"wpb_wrapper\">\n\t\t\t<p style=\"text-align: center;\"><em>\u201cTodas las ideas, incluso las sagradas, deben adaptarse a nuevas realidades.\u201d<\/em><\/p>\n<p style=\"text-align: right;\"><em>\u00a0<\/em><em>SALMAN RUSHDIE<\/em><\/p>\n<p><em>\u00a0<\/em><\/p>\n<p style=\"text-align: justify;\">Comenzamos un nuevo a\u00f1o y con ello un nuevo ciclo, en un mundo que cambia de manera acelerada y que nos obliga a adaptarnos para seguirle el paso a una sociedad cada vez m\u00e1s exigente en cuesti\u00f3n de accesibilidad e inclusi\u00f3n.<\/p>\n<p style=\"text-align: justify;\">Nuestra Universidad Tecnol\u00f3gica de Zacatecas cumple 25 a\u00f1os de ser punta de lanza en brindar educaci\u00f3n tecnol\u00f3gica de calidad y en acercar a la comunidad estudiantil a la vida laboral activa.<\/p>\n<p style=\"text-align: justify;\">En este primer cuarto de siglo, la UTZAC ha vivido de todo, desde situaciones dif\u00edciles, hasta momentos de gloria y reconocimiento a nivel nacional e internacional, todo ello nos ha servido de aprendizaje primero para no cometer los mismos errores del pasado y segundo, para seguir mejorando como instituci\u00f3n educativa.<\/p>\n<p style=\"text-align: justify;\">La pandemia vivida por toda la humanidad recientemente, nos ha dejado ense\u00f1anzas muy valiosas y la naturaleza nos record\u00f3 que hay situaciones que no podemos controlar, pero que sin duda nos podemos adaptar para seguir adelante en nuestro desarrollo como sociedad.<\/p>\n<p style=\"text-align: justify;\">M\u00e9xico vive actualmente un periodo de transformaci\u00f3n, mismo que ha tra\u00eddo reformas en materia pol\u00edtica, econ\u00f3mica, de salud y por supuesto educativa, y es precisamente este rubro el que nos ocupa de manera particular, debido a la naturaleza de nuestra vocaci\u00f3n.<\/p>\n<p style=\"text-align: justify;\">Ante un panorama donde la inclusi\u00f3n universal y la resiliencia, mismo que se refiere al proceso de adaptarse bien a la adversidad, son los conceptos que actualmente dictan las nuevas pol\u00edticas p\u00fablicas a nivel mundial, y a las cuales nos adaptamos y consideramos dentro de la filosof\u00eda de la Universidad.<\/p>\n<p style=\"text-align: justify;\">Invito a toda la poblaci\u00f3n universitaria, alumnos, maestros, personal de apoyo y administrativo a sumarnos como la gran familia que somos para enfrentar juntos los nuevos retos que la vida nos tiene preparados, as\u00ed como a seguir desempe\u00f1ando con pasi\u00f3n y con sentido de pertenencia el noble oficio de la educaci\u00f3n.<\/p>\n<p>\u00a1Que Viva la Nueva UTZAC!<\/p>\n<p>&nbsp;<\/p>\n\n\t\t<\/div> \n\t<\/div> \n\t\t<\/div> \n\t<\/div> \n\n\t<div class=\"vc_col-sm-4 wpb_column vc_column_container \">\n\t\t<div class=\"wpb_wrapper\">\n\t\t\t\t<div class=\"vc_row wpb_row vc_inner vc_row-fluid\"  >\n\t<div class=\"vc_col-sm-12 wpb_column vc_column_container \">\n\t\t<div class=\"wpb_wrapper\">\n\t\t\t\n\t\t<\/div> \n\t<\/div> \n<\/div><div class=\"vc_row-full-width\"><\/div><div class=\"vc_separator wpb_content_element vc_sep_width_100 vc_separator_no_text vc_sep_color_grey\">\n\t<span class=\"vc_sep_holder vc_sep_holder_l\"><span class=\"vc_sep_line\"><\/span><\/span>\n\t\t<span class=\"vc_sep_holder vc_sep_holder_r\"><span class=\"vc_sep_line\"><\/span><\/span>\n<\/div>\n\n\n\t\t<\/div> \n\t<\/div> \n<\/div><div class=\"vc_row-full-width\"><\/div>\t<div class=\"vc_row wpb_row vc_row-fluid\"  >\n\t<div class=\"vc_col-sm-12 wpb_column vc_column_container \">\n\t\t<div class=\"wpb_wrapper\">\n\t\t\t\n\t\t<\/div> \n\t<\/div> \n<\/div><div class=\"vc_row-full-width\"><\/div>","protected":false},"excerpt":{"rendered":"\u201cTodas las ideas, incluso las sagradas, deben adaptarse a nuevas realidades.\u201d \u00a0SALMAN RUSHDIE \u00a0 Comenzamos un nuevo a\u00f1o y con ello un nuevo ciclo, en un mundo que cambia de manera acelerada y que nos obliga a adaptarnos para seguirle el paso a una sociedad cada vez m\u00e1s exigente en cuesti\u00f3n de accesibilidad e inclusi\u00f3n. [...]","protected":false},"author":8,"featured_media":0,"parent":5529,"menu_order":0,"comment_status":"closed","ping_status":"open","template":"","meta":{"_eb_attr":""},"_links":{"self":[{"href":"https:\/\/www.utzac.edu.mx\/index.php?rest_route=\/wp\/v2\/pages\/5302"}],"collection":[{"href":"https:\/\/www.utzac.edu.mx\/index.php?rest_route=\/wp\/v2\/pages"}],"about":[{"href":"https:\/\/www.utzac.edu.mx\/index.php?rest_route=\/wp\/v2\/types\/page"}],"author":[{"embeddable":true,"href":"https:\/\/www.utzac.edu.mx\/index.php?rest_route=\/wp\/v2\/users\/8"}],"replies":[{"embeddable":true,"href":"https:\/\/www.utzac.edu.mx\/index.php?rest_route=%2Fwp%2Fv2%2Fcomments&post=5302"}],"version-history":[{"count":0,"href":"https:\/\/www.utzac.edu.mx\/index.php?rest_route=\/wp\/v2\/pages\/5302\/revisions"}],"up":[{"embeddable":true,"href":"https:\/\/www.utzac.edu.mx\/index.php?rest_route=\/wp\/v2\/pages\/5529"}],"wp:attachment":[{"href":"https:\/\/www.utzac.edu.mx\/index.php?rest_route=%2Fwp%2Fv2%2Fmedia&parent=5302"}],"curies":[{"name":"wp","href":"https:\/\/api.w.org\/{rel}","templated":true}]}}